{"id":240,"date":"2024-10-25T17:32:18","date_gmt":"2024-10-25T15:32:18","guid":{"rendered":"https:\/\/demontisart.com\/?page_id=240"},"modified":"2024-12-13T16:10:22","modified_gmt":"2024-12-13T15:10:22","slug":"accueil","status":"publish","type":"page","link":"https:\/\/demontisart.com\/?page_id=240","title":{"rendered":"Pr\u00e9sentation"},"content":{"rendered":"<div class=\"wp-block-image is-style-rounded\">\n<figure class=\"aligncenter size-medium\"><img decoding=\"async\" width=\"300\" height=\"101\" src=\"https:\/\/demontisart.com\/wp-content\/uploads\/2024\/10\/FOND-SITE-3-300x101.jpg\" alt=\"\" class=\"wp-image-227\" srcset=\"https:\/\/demontisart.com\/wp-content\/uploads\/2024\/10\/FOND-SITE-3-300x101.jpg 300w, https:\/\/demontisart.com\/wp-content\/uploads\/2024\/10\/FOND-SITE-3-1024x344.jpg 1024w, https:\/\/demontisart.com\/wp-content\/uploads\/2024\/10\/FOND-SITE-3-768x258.jpg 768w, https:\/\/demontisart.com\/wp-content\/uploads\/2024\/10\/FOND-SITE-3-1536x516.jpg 1536w, https:\/\/demontisart.com\/wp-content\/uploads\/2024\/10\/FOND-SITE-3.jpg 2000w\" sizes=\"(max-width: 300px) 100vw, 300px\" \/><\/figure>\n<\/div>\n\n\n<div style=\"height:27px\" aria-hidden=\"true\" class=\"wp-block-spacer\"><\/div>\n\n\n\n<p class=\"has-text-align-center has-medium-font-size\" style=\"font-style:italic;font-weight:800\"><strong>N\u00e9 d&rsquo;un souhait de valoriser le secteur des m\u00e9tiers d&rsquo;art et de promouvoir le travail minutieux des artisans: <\/strong><\/p>\n\n\n\n<div style=\"height:27px\" aria-hidden=\"true\" class=\"wp-block-spacer\"><\/div>\n\n\n\n<p class=\"has-text-align-center has-medium-font-size\" style=\"font-style:italic;font-weight:800\"><strong>De Montis Art vous invite \u00e0 d\u00e9couvrir des cr\u00e9ations fran\u00e7aises fa\u00e7onn\u00e9es \u00e0 la main, du mat\u00e9riau brut jusqu&rsquo;aux finitions d\u00e9licates. Chaque artisan pr\u00e9sent\u00e9 ici partage avec vous non seulement un produit, mais aussi l&rsquo;histoire de sa cr\u00e9ation : des heures de labeur, des triomphes, des revers, un voyage personnel et une sensibilit\u00e9 artistique. Ces cr\u00e9ateurs ne sont pas de simples ex\u00e9cutants ; ce sont des passionn\u00e9s qui insufflent vie et \u00e2me \u00e0 leurs \u0153uvres, transformant leurs id\u00e9es et leur passion en r\u00e9alit\u00e9 tangible.<\/strong><\/p>\n\n\n\n<div style=\"height:27px\" aria-hidden=\"true\" class=\"wp-block-spacer\"><\/div>\n\n\n\n<p class=\"has-text-align-center has-medium-font-size\" style=\"font-style:italic;font-weight:800\"><strong>Ici, vous pourrez communiquer, \u00e9changer directement avec eux et acqu\u00e9rir l&rsquo;une de leur cr\u00e9ation via  leur boutique personnelle.<\/strong><\/p>\n\n\n\n<div style=\"height:27px\" aria-hidden=\"true\" class=\"wp-block-spacer\"><\/div>\n\n\n\n<p class=\"has-text-align-center has-medium-font-size\" style=\"font-style:italic;font-weight:800\"><strong>DMA est aussi un support de communication multiples : presse, articles, manifestations, infos&#8230; permettant aux artistes r\u00e9sidents une plus vaste ouverture sur le monde ext\u00e9rieur.<\/strong><\/p>\n\n\n\n<div style=\"height:27px\" aria-hidden=\"true\" class=\"wp-block-spacer\"><\/div>\n\n\n<div class=\"wp-block-image is-style-rounded\">\n<figure class=\"aligncenter size-medium\"><img decoding=\"async\" width=\"300\" height=\"101\" src=\"https:\/\/demontisart.com\/wp-content\/uploads\/2024\/10\/FOND-SITE-3-300x101.jpg\" alt=\"\" class=\"wp-image-227\" srcset=\"https:\/\/demontisart.com\/wp-content\/uploads\/2024\/10\/FOND-SITE-3-300x101.jpg 300w, https:\/\/demontisart.com\/wp-content\/uploads\/2024\/10\/FOND-SITE-3-1024x344.jpg 1024w, https:\/\/demontisart.com\/wp-content\/uploads\/2024\/10\/FOND-SITE-3-768x258.jpg 768w, https:\/\/demontisart.com\/wp-content\/uploads\/2024\/10\/FOND-SITE-3-1536x516.jpg 1536w, https:\/\/demontisart.com\/wp-content\/uploads\/2024\/10\/FOND-SITE-3.jpg 2000w\" sizes=\"(max-width: 300px) 100vw, 300px\" \/><\/figure>\n<\/div>\n\n\n<p><\/p>\n","protected":false},"excerpt":{"rendered":"<p>N\u00e9 d&rsquo;un souhait de valoriser le secteur des m\u00e9tiers d&rsquo;art et de promouvoir le travail minutieux des artisans: De Montis Art vous invite \u00e0 d\u00e9couvrir des cr\u00e9ations fran\u00e7aises fa\u00e7onn\u00e9es \u00e0 la main, du mat\u00e9riau brut jusqu&rsquo;aux finitions d\u00e9licates. Chaque artisan pr\u00e9sent\u00e9 ici partage avec vous non seulement un produit, mais aussi l&rsquo;histoire de sa cr\u00e9ation [&hellip;]<\/p>\n","protected":false},"author":1,"featured_media":0,"parent":0,"menu_order":0,"comment_status":"closed","ping_status":"closed","template":"","meta":{"_eb_attr":"","footnotes":""},"class_list":["post-240","page","type-page","status-publish","hentry"],"yoast_head":"<!-- This site is optimized with the Yoast SEO plugin v27.4 - https:\/\/yoast.com\/product\/yoast-seo-wordpress\/ -->\n<title>Pr\u00e9sentation - De Montis Art<\/title>\n<meta name=\"robots\" content=\"index, follow, max-snippet:-1, max-image-preview:large, max-video-preview:-1\" \/>\n<link rel=\"canonical\" href=\"https:\/\/demontisart.com\/?page_id=240\" \/>\n<meta property=\"og:locale\" content=\"fr_FR\" \/>\n<meta property=\"og:type\" content=\"article\" \/>\n<meta property=\"og:title\" content=\"Pr\u00e9sentation - De Montis Art\" \/>\n<meta property=\"og:description\" content=\"N\u00e9 d&rsquo;un souhait de valoriser le secteur des m\u00e9tiers d&rsquo;art et de promouvoir le travail minutieux des artisans: De Montis Art vous invite \u00e0 d\u00e9couvrir des cr\u00e9ations fran\u00e7aises fa\u00e7onn\u00e9es \u00e0 la main, du mat\u00e9riau brut jusqu&rsquo;aux finitions d\u00e9licates. Chaque artisan pr\u00e9sent\u00e9 ici partage avec vous non seulement un produit, mais aussi l&rsquo;histoire de sa cr\u00e9ation [&hellip;]\" \/>\n<meta property=\"og:url\" content=\"https:\/\/demontisart.com\/?page_id=240\" \/>\n<meta property=\"og:site_name\" content=\"De Montis Art\" \/>\n<meta property=\"article:modified_time\" content=\"2024-12-13T15:10:22+00:00\" \/>\n<meta property=\"og:image\" content=\"https:\/\/demontisart.com\/wp-content\/uploads\/2024\/10\/FOND-SITE-3.jpg\" \/>\n\t<meta property=\"og:image:width\" content=\"2000\" \/>\n\t<meta property=\"og:image:height\" content=\"672\" \/>\n\t<meta property=\"og:image:type\" content=\"image\/jpeg\" \/>\n<meta name=\"twitter:card\" content=\"summary_large_image\" \/>\n<meta name=\"twitter:label1\" content=\"Dur\u00e9e de lecture estim\u00e9e\" \/>\n\t<meta name=\"twitter:data1\" content=\"2 minutes\" \/>\n<script type=\"application\/ld+json\" class=\"yoast-schema-graph\">{\"@context\":\"https:\\\/\\\/schema.org\",\"@graph\":[{\"@type\":\"WebPage\",\"@id\":\"https:\\\/\\\/demontisart.com\\\/?page_id=240\",\"url\":\"https:\\\/\\\/demontisart.com\\\/?page_id=240\",\"name\":\"Pr\u00e9sentation - De Montis Art\",\"isPartOf\":{\"@id\":\"https:\\\/\\\/demontisart.com\\\/#website\"},\"primaryImageOfPage\":{\"@id\":\"https:\\\/\\\/demontisart.com\\\/?page_id=240#primaryimage\"},\"image\":{\"@id\":\"https:\\\/\\\/demontisart.com\\\/?page_id=240#primaryimage\"},\"thumbnailUrl\":\"https:\\\/\\\/demontisart.com\\\/wp-content\\\/uploads\\\/2024\\\/10\\\/FOND-SITE-3-300x101.jpg\",\"datePublished\":\"2024-10-25T15:32:18+00:00\",\"dateModified\":\"2024-12-13T15:10:22+00:00\",\"breadcrumb\":{\"@id\":\"https:\\\/\\\/demontisart.com\\\/?page_id=240#breadcrumb\"},\"inLanguage\":\"fr-FR\",\"potentialAction\":[{\"@type\":\"ReadAction\",\"target\":[\"https:\\\/\\\/demontisart.com\\\/?page_id=240\"]}]},{\"@type\":\"ImageObject\",\"inLanguage\":\"fr-FR\",\"@id\":\"https:\\\/\\\/demontisart.com\\\/?page_id=240#primaryimage\",\"url\":\"https:\\\/\\\/demontisart.com\\\/wp-content\\\/uploads\\\/2024\\\/10\\\/FOND-SITE-3.jpg\",\"contentUrl\":\"https:\\\/\\\/demontisart.com\\\/wp-content\\\/uploads\\\/2024\\\/10\\\/FOND-SITE-3.jpg\",\"width\":2000,\"height\":672},{\"@type\":\"BreadcrumbList\",\"@id\":\"https:\\\/\\\/demontisart.com\\\/?page_id=240#breadcrumb\",\"itemListElement\":[{\"@type\":\"ListItem\",\"position\":1,\"name\":\"Home\",\"item\":\"https:\\\/\\\/demontisart.com\\\/\"},{\"@type\":\"ListItem\",\"position\":2,\"name\":\"Pr\u00e9sentation\"}]},{\"@type\":\"WebSite\",\"@id\":\"https:\\\/\\\/demontisart.com\\\/#website\",\"url\":\"https:\\\/\\\/demontisart.com\\\/\",\"name\":\"De Montis Art\",\"description\":\"L&#039;impulsion artisanale\",\"publisher\":{\"@id\":\"https:\\\/\\\/demontisart.com\\\/#organization\"},\"potentialAction\":[{\"@type\":\"SearchAction\",\"target\":{\"@type\":\"EntryPoint\",\"urlTemplate\":\"https:\\\/\\\/demontisart.com\\\/?s={search_term_string}\"},\"query-input\":{\"@type\":\"PropertyValueSpecification\",\"valueRequired\":true,\"valueName\":\"search_term_string\"}}],\"inLanguage\":\"fr-FR\"},{\"@type\":\"Organization\",\"@id\":\"https:\\\/\\\/demontisart.com\\\/#organization\",\"name\":\"De Montis Art\",\"url\":\"https:\\\/\\\/demontisart.com\\\/\",\"logo\":{\"@type\":\"ImageObject\",\"inLanguage\":\"fr-FR\",\"@id\":\"https:\\\/\\\/demontisart.com\\\/#\\\/schema\\\/logo\\\/image\\\/\",\"url\":\"https:\\\/\\\/demontisart.com\\\/wp-content\\\/uploads\\\/2024\\\/07\\\/cropped-cropped-30b245bf-a799-4aa7-8646-c5beff51c256-5.jpg\",\"contentUrl\":\"https:\\\/\\\/demontisart.com\\\/wp-content\\\/uploads\\\/2024\\\/07\\\/cropped-cropped-30b245bf-a799-4aa7-8646-c5beff51c256-5.jpg\",\"width\":2000,\"height\":452,\"caption\":\"De Montis Art\"},\"image\":{\"@id\":\"https:\\\/\\\/demontisart.com\\\/#\\\/schema\\\/logo\\\/image\\\/\"}}]}<\/script>\n<!-- \/ Yoast SEO plugin. -->","yoast_head_json":{"title":"Pr\u00e9sentation - De Montis Art","robots":{"index":"index","follow":"follow","max-snippet":"max-snippet:-1","max-image-preview":"max-image-preview:large","max-video-preview":"max-video-preview:-1"},"canonical":"https:\/\/demontisart.com\/?page_id=240","og_locale":"fr_FR","og_type":"article","og_title":"Pr\u00e9sentation - De Montis Art","og_description":"N\u00e9 d&rsquo;un souhait de valoriser le secteur des m\u00e9tiers d&rsquo;art et de promouvoir le travail minutieux des artisans: De Montis Art vous invite \u00e0 d\u00e9couvrir des cr\u00e9ations fran\u00e7aises fa\u00e7onn\u00e9es \u00e0 la main, du mat\u00e9riau brut jusqu&rsquo;aux finitions d\u00e9licates. Chaque artisan pr\u00e9sent\u00e9 ici partage avec vous non seulement un produit, mais aussi l&rsquo;histoire de sa cr\u00e9ation [&hellip;]","og_url":"https:\/\/demontisart.com\/?page_id=240","og_site_name":"De Montis Art","article_modified_time":"2024-12-13T15:10:22+00:00","og_image":[{"width":2000,"height":672,"url":"https:\/\/demontisart.com\/wp-content\/uploads\/2024\/10\/FOND-SITE-3.jpg","type":"image\/jpeg"}],"twitter_card":"summary_large_image","twitter_misc":{"Dur\u00e9e de lecture estim\u00e9e":"2 minutes"},"schema":{"@context":"https:\/\/schema.org","@graph":[{"@type":"WebPage","@id":"https:\/\/demontisart.com\/?page_id=240","url":"https:\/\/demontisart.com\/?page_id=240","name":"Pr\u00e9sentation - De Montis Art","isPartOf":{"@id":"https:\/\/demontisart.com\/#website"},"primaryImageOfPage":{"@id":"https:\/\/demontisart.com\/?page_id=240#primaryimage"},"image":{"@id":"https:\/\/demontisart.com\/?page_id=240#primaryimage"},"thumbnailUrl":"https:\/\/demontisart.com\/wp-content\/uploads\/2024\/10\/FOND-SITE-3-300x101.jpg","datePublished":"2024-10-25T15:32:18+00:00","dateModified":"2024-12-13T15:10:22+00:00","breadcrumb":{"@id":"https:\/\/demontisart.com\/?page_id=240#breadcrumb"},"inLanguage":"fr-FR","potentialAction":[{"@type":"ReadAction","target":["https:\/\/demontisart.com\/?page_id=240"]}]},{"@type":"ImageObject","inLanguage":"fr-FR","@id":"https:\/\/demontisart.com\/?page_id=240#primaryimage","url":"https:\/\/demontisart.com\/wp-content\/uploads\/2024\/10\/FOND-SITE-3.jpg","contentUrl":"https:\/\/demontisart.com\/wp-content\/uploads\/2024\/10\/FOND-SITE-3.jpg","width":2000,"height":672},{"@type":"BreadcrumbList","@id":"https:\/\/demontisart.com\/?page_id=240#breadcrumb","itemListElement":[{"@type":"ListItem","position":1,"name":"Home","item":"https:\/\/demontisart.com\/"},{"@type":"ListItem","position":2,"name":"Pr\u00e9sentation"}]},{"@type":"WebSite","@id":"https:\/\/demontisart.com\/#website","url":"https:\/\/demontisart.com\/","name":"De Montis Art","description":"L&#039;impulsion artisanale","publisher":{"@id":"https:\/\/demontisart.com\/#organization"},"potentialAction":[{"@type":"SearchAction","target":{"@type":"EntryPoint","urlTemplate":"https:\/\/demontisart.com\/?s={search_term_string}"},"query-input":{"@type":"PropertyValueSpecification","valueRequired":true,"valueName":"search_term_string"}}],"inLanguage":"fr-FR"},{"@type":"Organization","@id":"https:\/\/demontisart.com\/#organization","name":"De Montis Art","url":"https:\/\/demontisart.com\/","logo":{"@type":"ImageObject","inLanguage":"fr-FR","@id":"https:\/\/demontisart.com\/#\/schema\/logo\/image\/","url":"https:\/\/demontisart.com\/wp-content\/uploads\/2024\/07\/cropped-cropped-30b245bf-a799-4aa7-8646-c5beff51c256-5.jpg","contentUrl":"https:\/\/demontisart.com\/wp-content\/uploads\/2024\/07\/cropped-cropped-30b245bf-a799-4aa7-8646-c5beff51c256-5.jpg","width":2000,"height":452,"caption":"De Montis Art"},"image":{"@id":"https:\/\/demontisart.com\/#\/schema\/logo\/image\/"}}]}},"_links":{"self":[{"href":"https:\/\/demontisart.com\/index.php?rest_route=\/wp\/v2\/pages\/240","targetHints":{"allow":["GET"]}}],"collection":[{"href":"https:\/\/demontisart.com\/index.php?rest_route=\/wp\/v2\/pages"}],"about":[{"href":"https:\/\/demontisart.com\/index.php?rest_route=\/wp\/v2\/types\/page"}],"author":[{"embeddable":true,"href":"https:\/\/demontisart.com\/index.php?rest_route=\/wp\/v2\/users\/1"}],"replies":[{"embeddable":true,"href":"https:\/\/demontisart.com\/index.php?rest_route=%2Fwp%2Fv2%2Fcomments&post=240"}],"version-history":[{"count":7,"href":"https:\/\/demontisart.com\/index.php?rest_route=\/wp\/v2\/pages\/240\/revisions"}],"predecessor-version":[{"id":336,"href":"https:\/\/demontisart.com\/index.php?rest_route=\/wp\/v2\/pages\/240\/revisions\/336"}],"wp:attachment":[{"href":"https:\/\/demontisart.com\/index.php?rest_route=%2Fwp%2Fv2%2Fmedia&parent=240"}],"curies":[{"name":"wp","href":"https:\/\/api.w.org\/{rel}","templated":true}]}}